 -4*z = -6*z - x + 699. Let t = z - 179. Calculate the remainder when t is divided by 57.
56
Let x(o) be the first derivative of o**3/3 - 9*o**2/2 - 7*o + 16. Calculate the remainder when 120/90*(-1*66)/(-2) is divided by x(11).
14
Let s = -26 - -60. Calculate the remainder when -3 - (30/80 - (-1542)/(-16)) is divided by s.
25
Let x = 68972 - 68952. Let k = -3 + 39. What is the remainder when k is divided by x?
16
Let m(h) = 18*h - 4. Let q(i) = -9*i + 2. Let x(o) = -3*m(o) - 5*q(o). Let z = -75 + 160. What is the remainder when z is divided by x(-1)?
8
Let y(n) = -2 - 1 + 0*n**2 + n - 8*n**3 + n**2 - 5*n. Calculate the remainder when y(-2) is divided by 20.
13
Suppose -31*d - 171 = -1318. Suppose t - 5 = 0, 3*t = 5*o - 2*o - 15. Calculate the remainder when d/(-3)*201/(-67) is divided by o.
7
Suppose 0 = -63*q + 68*q - 15. Suppose -q*n + 7*n = 92. Calculate the remainder when 1100/16 - (-3)/(-4) is divided by n.
22
Suppose x - 4*s - 12301 = 0, 2*x - 6*s - 24630 = -12*s. Calculate the remainder when x is divided by 27.
24
Suppose -2*k = 2*p + 3*k - 4, 2*k = 0. Suppose 32 - p = -2*n. Let z = 19 - n. Calculate the remainder when 100 is divided by z.
32
Let p be (1 - -3) + 1/(-4)*-60. Let h(t) = t**3 - 21*t**2 + 41*t - 39. What is the remainder when 629 is divided by h(p)?
17
Let n(a) = a - 2. Let p be n(2). Suppose 0 = 4*z - x - 59, -2*z + 5*z - 2*x - 43 = p. Calculate the remainder when 41 is divided by z.
11
Suppose 3*o - 35*a + 31*a - 148 = 0, 3 = -3*a. Suppose 17*t = 16*t + 68. Suppose -2*d = -t + 18. What is the remainder when o is divided by d?
23
Let i be ((-8)/(-6))/((-6)/117*1). Let d = -17 - i. Calculate the remainder when 9/((-81)/(-578)) - 2/d is divided by 13.
12
Let w = 18 + 5. Let g = -7 + w. Let v = -926 - -972. Calculate the remainder when v is divided by g.
14
Let c(x) = x + 6. Let o(v) = -v**2 + 55*v - 579. Calculate the remainder when o(15) is divided by c(0).
3
Suppose -17*h - 1585 = -22*h. Suppose 570 = -312*w + h*w. Let r = -53 + 93. What is the remainder when w is divided by r?
34
Let o(m) = 160*m + 961. What is the remainder when o(-5) is divided by 6?
5
Let a = -13 - -21. Let t(u) = 2*u**2 - 4*u + 14. What is the remainder when t(0) is divided by a?
6
What is the remainder when -8 + 6 - (5669/(-6) + (-31)/186) is divided by 86?
83
Let g(a) = -585*a + 3426. What is the remainder when g(0) is divided by 5?
1
Let h = -59 + 89. Let j = 132 + -156. Calculate the remainder when h is divided by (-256)/j - 2/(-6).
8
Suppose -70*q - q = -568. What is the remainder when 510 is divided by q?
6
Let l(f) be the first derivative of 18*f**2 + 198*f + 21. What is the remainder when l(19) is divided by 34?
32
Suppose 0 = 3*a - 21 - 30. Let l(f) = -52*f**3 - 12*f - 10. Calculate the remainder when l(-1) is divided by a.
3
Let i = 23 + -159. Let c = i - -147. Calculate the remainder when 75 is divided by c.
9
Suppose 3*r + 2*y = 6, r + r + 2*y = 2. Suppose -2*a = 4*h - 66, r*a + 0 + 12 = h. Calculate the remainder when 61 is divided by h.
13
Calculate the remainder when 92 is divided by ((-12)/5 - -2)/((-219)/1095).
0
Let o = 534 - 512. Let p(q) = q**3 - 24*q**2 + 43*q + 30. Let i(a) = 7*a**2 + 1. Calculate the remainder when i(-2) is divided by p(o).
5
Let q = 2562 - 2519. Let p(i) = 170*i**2 - 2*i + 1. What is the remainder when p(1) is divided by q?
40
Suppose -1258 = 18*y - 7*y - 7660. What is the remainder when 1765 is divided by y?
19
Let o(r) = -2*r + 50. Let w be o(24). Suppose -w*c - 3*s + 28 = 0, 5*c + s = 3*s + 32. Suppose -4*g + 7*g = 39. What is the remainder when g is divided by c?
5
Suppose 2*i + 9 = -2*i - 3*u, 0 = -3*u + 3. Suppose -2*p - 2*q = -38, 55 = -2*p + 5*p + 4*q. Calculate the remainder when 79 + i*(-6 - -5) is divided by p.
19
What is the remainder when 764 is divided by (153 - 170) + (204 - -1)?
12
Suppose 1 = q, 3*q - 284 = -3*z + 7*q. Suppose 2*s - 4*w - 104 - z = 0, -2*w = 3*s - 276. Calculate the remainder when s is divided by 14.
10
Let s(h) be the third derivative of h**5/30 + 4*h**4/3 - 35*h**3/6 + 8*h**2 + h. What is the remainder when 108 is divided by s(-18)?
34
Suppose -5*a + 20 = -5*c, -26*c = -22*c - a + 4. Suppose -2*q + 1 = -f + 27, -f - 4*q + 26 = c. Calculate the remainder when 201 is divided by f.
19
Let q = -4 + 12. Suppose 608*h - 772*h = -69372. What is the remainder when h is divided by q?
7
Suppose 37*n + 559 = -3*n + 1359. Calculate the remainder when ((-117)/6 + 2)*-6 is divided by n.
5
Suppose x + 1 = 3*l, 5*x - 17 = 4*l - 0*x. Suppose -198 = l*b - 7*b - 4*f, -3*b - 3*f = -117. What is the remainder when b is divided by 23?
19
Suppose -66*z + 900 = -16*z. What is the remainder when 334 is divided by z?
10
Suppose -137*j - 11 = -126*j. Calculate the remainder when 221 is divided by (-4 + (-35 - 6))/j.
41
Suppose -2*a - 110 = -0*a. Let q be ((-4)/(-5))/((-22)/a). Suppose -5*l - 16 = -3*h, l - q = 4*h - 6*h. Calculate the remainder when 2 is divided by h.
0
Let u(w) = 6*w + 1. Let p = 43936 - 43909. Calculate the remainder when p is divided by u(1).
6
Let x(z) = -z**2 - 13*z + 3. Suppose -4*s = -5*s - 12. Let n be (((-39)/(-6))/(-1))/((-6)/s). Calculate the remainder when 14 is divided by x(n).
2
Suppose -k - 32 = -166*a + 161*a, -34 = -4*a - 2*k. What is the remainder when 1139 is divided by a?
5
Suppose -4 + 34 = -5*c. Let t be -3*((-2)/(-3) + 26/c). Suppose t*p = 16*p - 45. Calculate the remainder when 31 is divided by p.
4
Let o(t) be the first derivative of -t**4/2 - 14*t**3/3 - 4*t**2 + 13*t - 54. Let k = -32 + 56. Calculate the remainder when o(-7) is divided by k.
21
Suppose 25*x - 4 = 96. Calculate the remainder when 24 is divided by 16 + -3 + x/(-1 + 0).
6
Suppose -17*k - 13*k = -930. Let j = -117 - -289. What is the remainder when j is divided by k?
17
Suppose -60 = 5*q - 225. Suppose 5*d = -8 + q. Suppose x - 221 = -d*c, -113 = -5*c + 4*x + 128. What is the remainder when c is divided by 24?
21
Let n(p) = -5*p**2 + 64*p + 501. Calculate the remainder when 3859 is divided by n(18).
31
Let c(f) = -3*f**2 + 19*f + 76. Let w be c(-7). Let z = w - -232. What is the remainder when 334 is divided by z?
26
Let b = 192 - 105. Let r = b + -40. Calculate the remainder when 467 is divided by r.
44
Suppose -4*d = k - 77, 0*k - 2*k + 2 = 0. Suppose -19 = -3*y - 5*b, -2*y + 0*y + d = -3*b. Suppose 31 + y = 3*h. What is the remainder when 22 is divided by h?
9
What is the remainder when 283 is divided by (32/5)/((-24)/(-450))?
43
Suppose -10*i - 216 = -v - 7*i, 5*v - 1128 = -i. Calculate the remainder when 168 is divided by v/4 - (-15)/20.
54
Let w = 36 - 49. Let c = w + -6. Let h(b) = -b**3 - 18*b**2 + 18*b - 2. Calculate the remainder when 30 is divided by h(c).
13
Let g(w) = -35*w + 3. Let i = 1980 - 1394. Let j = i - 541. What is the remainder when g(-5) is divided by j?
43
Let g = -2607 - -3064. Calculate the remainder when g is divided by 152.
1
Let k = 127 - -28. Suppose -12*f = -4*p - 15*f + 188, 5*f + 40 = 0. Calculate the remainder when k is divided by p.
49
Suppose 13*p + 15*p - 4 = 29*p. Let o = 49 - 19. Let m = o - p. Calculate the remainder when m is divided by 21.
13
Calculate the remainder when 676 is divided by (-3570)/(-51) + (-3 - 8).
27
Suppose -p = -2*p + 5*f - 9, -2*p - 2 = -2*f. What is the remainder when 205 is divided by (45/(-4))/(((-6)/16)/p)?
25
Let k be 5*(-4)/(-10)*193. Let z = -356 + k. What is the remainder when z is divided by 8?
6
Suppose 298 = -8*z + 24*z - 6. What is the remainder when 2046 is divided by z?
13
Let d be 193 - (16/6)/(8/(-12)). Suppose 4*j = -57 + d. What is the remainder when 206 is divided by j?
31
Suppose -3*n - 1314 = 15*n. Let v = 146 + n. Calculate the remainder when v is divided by 13.
8
Let x be 12/((-9016)/(-4496) - 2). Calculate the remainder when (2 - x/(-20)) + 12/(-30) is divided by 59.
55
Let l = -254 + 266. Calculate the remainder when 64 is divided by 21/((27/l)/((-27)/(-18))).
8
Suppose -12*a + 26*a - 770 = 0. Let l = a + -50. What is the remainder when 6 is divided by l?
1
Suppose 0 = -2*j - 3*j + 50. Suppose 0 = -33*y + 44*y - 198. Suppose -10*d = -y*d + 216. What is the remainder when d is divided by j?
7
Suppose 5*y = q - 426 - 182, -4*y - 16 = 0. Suppose -42 + q = 13*i. Calculate the remainder when 141 is divided by